-192 - -270. Let u = -170 + 196. Calculate the highest common factor of m and u.
26
Suppose -2*d - 4*f = -62, 10 = d + 3*f - 17. Let x = 19 - -32. Let m = 90 - x. What is the highest common factor of d and m?
39
Let m(u) = -u**2 - 27*u + 33. Let s be (3 + 21 - -3) + 3. Let x be (-560)/s*3/2. Let n be m(x). What is the greatest common factor of n and 2?
1
Let v be (54/(-5))/((-252)/630). What is the highest common factor of v and 5211?
27
Let b be 776/(-10)*5/(-1). Suppose 3*c + c = b. Let t = -53 + c. Calculate the highest common factor of t and 4.
4
Suppose 3*a - 3*m = 6, 3*a + 0 + 4 = 5*m. Suppose 12*v = a*v. Suppose 2*r - 62 - 170 = v. What is the greatest common divisor of r and 29?
29
Let o be (6/4)/(3/168). Suppose -55*q = 6635 - 10584 - 9911. Calculate the greatest common divisor of q and o.
84
Suppose 114 = -18*w + 924. Calculate the greatest common factor of 612 and w.
9
Let k(m) = 3*m**2 - 138*m + 1314. Let f be k(33). What is the highest common divisor of f and 23976?
27
Suppose -t = 4*n - 156, -5*t = 3*n - n - 780. Suppose 0 = -11*y + 6*y + 30, 3*p + 31*y = 30*y + 708. Calculate the greatest common factor of t and p.
78
Let i(d) be the third derivative of d**4/24 + 29*d**3/6 - 15*d**2 - d. Let v = -37 + 23. Let b be i(v). What is the greatest common divisor of b and 120?
15
Suppose 2*i - 2*v = -72, -v - 63 = -5*i - 243. Let u be (-20)/6*i/5. Suppose 103*p = 95*p + 480. What is the greatest common divisor of p and u?
12
Let b(t) = t**2 + 8*t - 48. Let k be b(-14). Let j = k - 24. Calculate the highest common factor of j and 228.
12
Let o(m) = -8*m + 57. Let k be o(9). Let s(a) = -7*a + 116. Let h be s(k). Calculate the greatest common factor of 26 and h.
13
Let n(u) = 60*u**3 - 3*u**2 + 17*u - 22. Let b be n(2). Calculate the highest common factor of 1890 and b.
30
Let d be (-26)/2 + 5 + 1160. Suppose 4*z - 10*z = -d. What is the greatest common factor of 320 and z?
64
Let m(v) = v**2 + 31*v + 140. Let r be m(-36). Suppose k = x - 539, x + 3*k - 239 = r. Calculate the highest common divisor of 32 and x.
32
Suppose 157 = -5*q - 3*i - 61, 3*q + i = -134. Let j = q + 49. Suppose -7*v + 361 = -j. What is the greatest common factor of 130 and v?
26
Let z(q) = -q**3 - q**2 - 4*q - 8. Let m be z(0). Let s = 169 + -121. Let k = m + s. What is the greatest common divisor of k and 10?
10
Suppose 5*t - 2*c = 118516, -3*c = 504*t - 503*t - 23727. What is the greatest common divisor of 36 and t?
18
Suppose -5*q + h - 32 = 0, 3*q = 4*q + 5*h - 4. Let m be 4/q*-1*(6 + 69). Calculate the greatest common divisor of 100 and m.
50
Let i = 18 + -8. Let r(j) = -1128*j**2 - 18*j + 1127*j**2 + 11 - 1. Let c be r(-18). What is the greatest common factor of i and c?
10
Let u be -143 + 8/16*-6. Let q = u + 208. What is the highest common divisor of 93 and q?
31
Suppose 83*w = 72*w + 880. Let g(v) = 32*v - 4. Let t be g(2). Calculate the highest common divisor of t and w.
20
Let c = 95 + -51. Let h(m) = -3*m - 26. Let k(v) = 5*v + 51. Let u(b) = -7*h(b) - 4*k(b). Let y be u(26). Calculate the greatest common divisor of y and c.
4
Let l be 2 + (-2 + 87 - 1). Let c = -147352 + 147567. What is the greatest common divisor of l and c?
43
Suppose -2*j - 5 + 4 = a, 5*j = -4*a + 2. Let c be (j/(-11) - (-8)/(-44)) + 98. What is the highest common factor of 2 and c?
2
Suppose -44*v + 8 = -40*v. Suppose 2*n = -3*o + 728, -v*n - 170 - 332 = -2*o. Calculate the greatest common divisor of o and 6.
6
Let t be 21/((-3)/(-2 + (-5 - -5))). Let n(u) = u + 2*u**2 + 7*u**2 - 8*u + 10. Let c be n(4). What is the greatest common factor of t and c?
14
Let r = 1001 + -899. Calculate the highest common divisor of 782 and r.
34
Let d(q) = q**3 + q**2 + q + 12. Let a be d(0). Suppose -3*y - 115 = -4*v, -545*y + 135 = 5*v - 540*y. What is the greatest common divisor of v and a?
4
Suppose 4*o = 17*o - 10725. Suppose 37*r - 32*r = o. Suppose r*v - 42 = 162*v. Calculate the highest common divisor of 42 and v.
14
Let p(x) = -17*x + 2. Let m be p(-2). Let i = -7779 - -7791. What is the greatest common factor of i and m?
12
Let f be (-450)/(-35) - (-3)/21. Suppose 17 = 7*j + 3. Suppose j*n - 192 = 2*h, 0 = 3*n - 4*n - h + 86. What is the highest common factor of n and f?
13
Let p = -107 + 149. Let s = 363 - 342. Calculate the highest common divisor of p and s.
21
Suppose 52*s = 13119 + 5185. Calculate the highest common divisor of 80 and s.
16
Suppose 419 = 4*s - 3*u, -40*u + 418 = 4*s - 42*u. What is the greatest common divisor of 11596 and s?
52
Suppose -s = -16*q + 20*q - 32, s - 5*q - 59 = 0. What is the highest common divisor of s and 36?
4
Let h(k) be the second derivative of 3*k**5/20 - 7*k**4/12 - k**3/6 + 10*k**2 + k - 3. Let j be h(4). What is the highest common divisor of j and 36?
12
Suppose -30 = -5*k, -27 = -2*y - 4*k + 29. What is the highest common factor of y and 148?
4
Let v(s) = 156*s**3 + 4*s**2 - 53*s + 49. Let b be v(1). Calculate the greatest common factor of b and 12.
12
Suppose 0 = 13927*c - 13891*c - 900. What is the greatest common divisor of c and 4975?
25
Let z be 760/60 + 4 - (-4)/(-6). What is the greatest common factor of z and 156?
4
Let w be 115 + (2 + -3)*5. Let x be (-44)/w + 534/10. Suppose 0 = 45*i - x*i + 136. Calculate the highest common factor of i and 272.
17
Let o(s) = 4*s**2 + 138*s - 44. Let r be o(43). What is the greatest common factor of 13 and r?
13
Let r be ((-327)/6 - -3)/((-7)/(-84)). Let j = 838 + r. Calculate the highest common factor of j and 132.
44
Let k = -1043 - -1060. Let c be 291 + 6/(-3 - 0). Calculate the highest common factor of k and c.
17
Let p be (80259/(-62) - -41)/((-34)/16 - -2). What is the highest common divisor of 92 and p?
92
Suppose -5*d - 2 = 3*u, 4 = -5*d - u - 0*u. Let v be 30 + (-3 - (-2 - d)). Let z be 4 - (-2)/(6/9). Calculate the greatest common factor of z and v.
7
Let k(j) = -10*j**2 - 112*j - 292. Let g be k(-5). Calculate the highest common factor of 202 and g.
2
Suppose 0 = 4*c + 855 - 51. Let o = 223 + c. Calculate the greatest common factor of o and 10.
2
Let d be 13*(-2)/(-104)*-52*-1. Let u = 3 + -4. Let g(v) = 117*v**2 - v - 1. Let f be g(u). Calculate the greatest common divisor of d and f.
13
Suppose 3*r = 181*p - 186*p + 109, 5*p + r = 103. Suppose -1464 = -2*u + 2*j, -2910 = -2*u - 2*u - 5*j. Calculate the greatest common factor of u and p.
10
Suppose -l + 0*o = 5*o + 96, l - 4*o + 69 = 0. Let y = -78 - l. Let f be 81*1 + (-3)/y. Calculate the highest common factor of f and 16.
16
Let q = 225 + 99. Let x be (1632/72 + -21)/((-3)/216*-10). What is the highest common divisor of q and x?
12
Suppose 208 + 23 = 3*v - 285. What is the greatest common factor of v and 1118?
86
Suppose -3*c + 265 = -179. Suppose -7*s + 16*s + 3*s - 3996 = 0. Calculate the greatest common divisor of s and c.
37
Suppose -5*t - 6 - 6 = 4*k, 0 = -2*k + 5*t + 24. Suppose 3*i + 3*p = 495, 3*p - 94 - 239 = -k*i. Calculate the highest common factor of 54 and i.
54
Let g = -591 - -605. Calculate the highest common divisor of g and 1883.
7
Let l(r) = 330*r + 187. Let z be l(0). What is the greatest common divisor of 459 and z?
17
Suppose -2*n - 61 = 4*l - 79, 2*n + 3*l = 17. What is the greatest common divisor of n and 959?
7
Let y = 24523 - 22348. What is the greatest common divisor of 60 and y?
15
Let n be ((-6)/(-2))/((-6)/(-52)). Let m = -16482 - -16768. Calculate the highest common divisor of n and m.
26
Suppose 6*t + 10*r + 308 = 9*t, -2*r - 10 = 0. Calculate the greatest common divisor of 3 and t.
1
Suppose -j = 0, -63 + 163 = 5*g + j. Suppose 14*r - 31*r + 748 = 0. Calculate the greatest common divisor of r and g.
4
Let d be (-19)/(-57) + ((-152285)/(-14))/(9/6). What is the highest common divisor of d and 784?
196
Let a = 2971 + -2923. Calculate the highest common factor of 18 and a.
6
Suppose 21*n - 8 = 55. Suppose 3*j = -3*w - 0*w + 117, n*j + 4*w = 112. Calculate the greatest common factor of j and 22.
22
Let u be (2/(-3))/((-2)/(-288)). Let a = 463 + -627. Let s = u - a. Calculate the greatest common factor of s and 34.
34
Suppose -126*p = 514964 - 652412 - 755010. Calculate the greatest common divisor of 9 and p.
9
Suppose -c = 5*c - 42. Let h be (1 + c)/((-2)/3*-3). What is the highest common factor of h and 12?
4
